55949?
False
Is 173 a factor of 2786073310?
True
Is 143 a factor of 95415749?
True
Is 44 a factor of 30007032?
True
Is 4 a factor of 260766652?
True
Is 276 a factor of 201985356?
True
Is 854542494 a multiple of 351?
True
Is 14 a factor of 1460807122?
False
Is 1401 a factor of 87919488?
False
Does 554 divide 267119410?
True
Does 32 divide 991620279?
False
Is 16204800 a multiple of 160?
True
Is 505426790 a multiple of 682?
True
Is 3067207879 a multiple of 12155?
False
Is 50 a factor of 543321695?
False
Is 423217563 a multiple of 16?
False
Does 5 divide 68178170?
True
Is 330237323 a multiple of 1369?
False
Is 110229402 a multiple of 978?
True
Does 4057 divide 37886442?
False
Is 28 a factor of 305661076?
True
Does 473 divide 1137956644?
True
Is 1241662406 a multiple of 6?
False
Is 20 a factor of 78736480?
True
Is 385 a factor of 188364715?
True
Does 9 divide 156570940?
False
Does 803 divide 395295?
False
Is 8 a factor of 5801132363?
False
Does 8 divide 10160679?
False
Does 542 divide 2174433496?
False
Is 19 a factor of 27242827?
True
Does 605 divide 168876675?
True
Is 4452992 a multiple of 19?
True
Is 64 a factor of 77601206?
False
Does 3754 divide 326982027?
False
Is 273 a factor of 17864028?
True
Is 39 a factor of 897995788?
False
Is 109 a factor of 12638727?
False
Is 2008621821 a multiple of 6545?
False
Does 555 divide 3329695305?
True
Is 8 a factor of 1766529552?
True
Is 1023633828 a multiple of 36?
True
Does 30 divide 6622920?
True
Is 4322252 a multiple of 92?
True
Does 195 divide 518886420?
True
Is 838 a factor of 127765384?
False
Is 666728448 a multiple of 256?
True
Is 504 a factor of 49922712?
True
Is 45290336 a multiple of 1208?
True
Does 20 divide 11276580?
True
Is 14739796 a multiple of 983?
False
Is 26895921 a multiple of 4667?
True
Is 158732422 a multiple of 580?
False
Is 107572380 a multiple of 30?
True
Is 35 a factor of 44193972?
False
Is 103 a factor of 530155111?
True
Is 57209727 a multiple of 330?
False
Is 30577500 a multiple of 2265?
True
Is 14 a factor of 59494862?
True
Does 3 divide 6339930?
True
Does 48 divide 1066980636?
False
Is 29 a factor of 72959041?
True
Is 12 a factor of 20362044?
True
Is 1568641347 a multiple of 91?
True
Is 3123 a factor of 79183009?
False
Is 26615904 a multiple of 224?
True
Is 171153552 a multiple of 51?
True
Is 590 a factor of 721751130?
True
Is 9925759 a multiple of 191?
False
Does 2680 divide 272158547?
False
Is 44419872 a multiple of 1596?
True
Is 1205 a factor of 176815675?
True
Is 8006922 a multiple of 53?
True
Does 330 divide 255388673?
False
Does 13 divide 1810705?
True
Does 12 divide 158526648?
True
Is 89406476 a multiple of 193?
False
Is 130078410 a multiple of 105?
True
Does 145 divide 36136076?
False
Does 490 divide 8573530?
True
Does 365 divide 796360650?
True
Is 512270845 a multiple of 5?
True
Is 1737750603 a multiple of 570?
False
Is 100385042 a multiple of 90?
False
Is 4 a factor of 7177892?
True
Does 76 divide 21079103?
False
Is 1503 a factor of 30758895?
True
Does 41 divide 729838230?
False
Is 714 a factor of 119947089?
False
Is 553555744 a multiple of 392?
True
Is 1142559874 a multiple of 202?
True
Is 89811479 a multiple of 31?
False
Is 127 a factor of 8746577?
False
Does 27 divide 1221358005?
False
Does 75 divide 18367483?
False
Is 4123 a factor of 49999268?
False
Is 9292496 a multiple of 16?
True
Is 25884006 a multiple of 71?
False
Does 6275 divide 1075572650?
True
Does 251 divide 1265789486?
True
Is 57 a factor of 19172577?
True
Does 238 divide 39768535?
False
Is 521 a factor of 30721286?
True
Does 1217 divide 5436940198?
True
Is 3108344 a multiple of 14?
False
Is 99557306 a multiple of 1889?
False
Does 18 divide 44010271?
False
Does 19 divide 28724124?
True
Does 12 divide 248111341?
False
Does 10 divide 31281517?
False
Is 363152323 a multiple of 990?
False
Does 15 divide 3710883?
False
Is 34 a factor of 35079568?
True
Is 1269 a factor of 29442653?
False
Does 14 divide 32023567?
False
Is 392858524 a multiple of 5567?
False
Is 18413331 a multiple of 43?
True
Does 595 divide 420372063?
False
Is 1936692 a multiple of 46?
True
Is 120 a factor of 317761680?
True
Does 670 divide 33831566?
False
Does 205 divide 511643305?
True
Does 26 divide 155112024?
False
Is 102 a factor of 1642404?
True
Does 23 divide 186604740?
False
Is 356 a factor of 255048012?
True
Does 60 divide 2430336240?
True
Is 82 a factor of 165056406?
True
Is 18651229 a multiple of 359?
False
Is 719846312 a multiple of 8?
True
Is 3505738174 a multiple of 302?
False
Is 8540981 even?
False
Is 94 a factor of 46335890?
True
Is 2336 a factor of 414988064?
True
Is 719454 a multiple of 38?
True
Does 3 divide 1017242220?
True
Is 65 a factor of 27690715?
True
Does 7 divide 72918139?
True
Is 28905030 a multiple of 15?
True
Does 7 divide 147244965?
True
Does 31 divide 225735648?
False
Does 1263 divide 1517964336?
True
Is 1989971333 a multiple of 259?
True
Does 326 divide 188098414?
True
Is 2 a factor of 34121736?
True
Is 12 a factor of 1318584848?
False
Is 2659425 a multiple of 67?
False
Is 11198572 a multiple of 22?
True
Does 60 divide 567161640?
True
Is 48 a factor of 122929584?
True
Does 5 divide 213893316?
False
Is 80952603 a multiple of 199?
True
Is 71 a factor of 79078025?
True
Is 1075461021 a multiple of 14?
False
Is 126 a factor of 635601582?
True
Does 209 divide 4895295832?
False
Does 42 divide 310862204?
False
Is 3279 a factor of 2980811019?
True
Does 609 divide 3476302?
False
Is 11 a factor of 2538019?
True
Is 325 a factor of 17993642?
False
Is 58 a factor of 4460732905?
False
Does 14 divide 106780?
False
Is 25900759 a multiple of 21?
False
Is 4087151830 a multiple of 205?
True
Is 452430201 a multiple of 85?
False
Does 2901 divide 288085372?
False
Is 985 a factor of 54995505?
True
Is 1517407818 a multiple of 3249?
False
Is 14 a factor of 184238474?
True
Is 20096890 a multiple of 22?
True
Does 59 divide 1088491?
True
Is 9 a factor of 2050890938?
False
Is 319 a factor of 368721397?
False
Is 3260072040 a multiple of 30?
True
Does 11 divide 1085179711?
True
Does 594 divide 2164084417?
False
Is 2708 a factor of 74152512?
False
Is 925 a factor of 11993753?
False
Is 4113130920 a multiple of 20?
True
Is 7 a factor of 6200537?
True
Does 8425 divide 205284193?
False
Does 135 divide 300117150?
True
Does 207 divide 34697480?
False
Is 22 a factor of 1622847710?
True
Is 2267 a factor of 531591097?
True
Is 12215024 a multiple of 46?
True
Does 12 divide 1946605344?
True
Is 2546402 a multiple of 8?
False
Is 4139148 a multiple of 507?
True
Is 91 a factor of 295731691?
False
Does 1037 divide 48663299?
True
Does 9 divide 31299554?
False
Is 395 a factor of 31231672?
False
Is 14989590 a multiple of 385?
True
Does 7 divide 1552439?
True
Is 2724 a factor of 715428636?
True
Does 209 divide 12323685?
True
Does 8 divide 736967973?
False
Is 2558 a factor of 293341208?
True
Is 133 a factor of 40048029?
True
Is 43 a factor of 90689329?
False
Is 713 a factor of 1866316715?
True
Does 23 divide 2850227183?
True
Does 653 divide 45322859?
False
Does 34 divide 7870926?
False
Does 16 divide 584038043?
False
Is 6 a factor of 153279030?
True
Is 2685 a factor of 5379470588?
False
Is 17849483 a multiple of 881?
False
Does 30 divide 3083581?
False
Is 164907823 a multiple of 2559?
False
Is 187280000 a multiple of 25?
True
Is 221 a factor of 5304023?
False
Does 625 divide 19094375?
True
Does 16 divide 2423946144?
True
Is 104244000 a multiple of 14?
True
Is 164046810 a multiple of 5?
True
Is 443 a factor of 3652010045?
True
Is 27587204 a multiple of 51?
False
Is 29 a factor of 25060847?
False
Is 540917716 a multiple of 1859?
False
Is 2730618496 a multiple of 128?
True
Is 43699500 a multiple of 27?
True
Is 396284967 a multiple of 2257?
False
Does 5 divide 55894322?
False
Is 146 a factor of 8140960?
True
Is 10 a factor of 1500122400?
True
Is 2257107560 a multiple of 2612?
True
Is 244 a factor of 24864188?
False
Is 775139668 a multiple of 146?
False
Is 161 a factor of 51695973?
True
Is 3 a factor of 380954?
False
Is 369114268 a multiple of 49?
False
Is 51 a factor of 103898577?
True
Does 56 divide 199361120?
True
Is 46 a factor of 423730472?
True
Is 1791 a factor of 216623241?
True
Does 1303 divide 15450694?
False
Is 83914170 a multiple of 1945?
False
Is 419 a fa